hat are the prime factors of g?
5
Let s(m) = m - 2. Let h be s(4). Suppose 5*w - 5 = 4*f - h, -3 = -2*f + w. Suppose -p = -5*i + 77, f*i + 4*p = 2*p + 54. List the prime factors of i.
2
Let s = -159 - -250. What are the prime factors of s?
7, 13
Let s be (153/2)/((-2)/(24/(-9))). Suppose 346 - s = 4*n. List the prime factors of n.
61
Let d(g) = 251*g + 15. What are the prime factors of d(3)?
2, 3
Let t(j) = -5*j + 4. Let s be t(4). Suppose -f - 42 = -2*f. Let i = s + f. What are the prime factors of i?
2, 13
Let k(x) = x**2 + 5*x - 15. Let u = 9 + -3. List the prime factors of k(u).
3, 17
Let m(c) = 5*c**2 + 12*c + 2. Let j = 61 + -66. What are the prime factors of m(j)?
67
Suppose 2*k = -4, -3*v + 8 = -5*v - 4*k. Let l be v - 1 - -2 - -2. Suppose 0*n - 5*n - 5 = -5*z, -2*n + 13 = l*z. What are the prime factors of n?
2
Suppose 0 = -6*c - 0*c - 132. Let k = c + 22. Suppose k = u - v - 31, 3*u - 3*v = 2*v + 85. What are the prime factors of u?
5, 7
Let q(l) = 315*l**2 + 2*l + 9 - 154*l**2 - 153*l**2. What are the prime factors of q(-3)?
3, 5
Let r(w) = 3*w - 17. Let d be r(7). Suppose 3*v + 2 = 2*p, -v = -0*p + d*p + 10. Let b = p + 13. What are the prime factors of b?
11
Suppose -8*n - 3 = 5. Let z(q) = -290*q**3 - q**2 - q. List the prime factors of z(n).
2, 5, 29
Let h be (2/(-4))/(4/(-24)). Suppose -h*p + 4*p - 2 = 0. Suppose 0 = p*k - 0*k - 20. What are the prime factors of k?
2, 5
Let c(d) = 3*d + 4*d**3 + 3 - 4 - 3*d**3 - 5*d. Let h be c(2). Suppose 2*w + 13 - 66 = -5*r, h*r = 2*w - 61. What are the prime factors of w?
29
Let b be (4/(-2) - -45) + 1. Suppose 0 = -3*z - 4*j - 256 + b, -64 = z + 3*j. Let l = -53 - z. What are the prime factors of l?
23
Let y(c) = -c**2 - 14*c - 24. Let m be y(-7). List the prime factors of (m*-1)/((-6)/12).
2, 5
Let g(n) = n**2 + n + 4. Suppose 0 = -5*i + 20, -4*k = -k + 3*i - 21. What are the prime factors of g(k)?
2
Let g be (7 - (3 + -7))*7. What are the prime factors of 1218/g + (-4)/(-22)?
2
Let v = -1555 + 3291. List the prime factors of v.
2, 7, 31
Let d(b) = b**3 - 9*b**2 + 35*b - 30. List the prime factors of d(10).
2, 3, 5, 7
Let l(h) = h**3 - 28*h**2 + 36*h - 152. List the prime factors of l(27).
7, 13
Let c(d) = 7*d**2 - d - 13. Let u(j) = -4*j**2 + 7. Let b(y) = 3*c(y) + 5*u(y). Let s = 18 + -12. List the prime factors of b(s).
2, 7
Suppose 36*q = 3776 + 27976. List the prime factors of q.
2, 3, 7
Let n(b) = b**3 + 8*b**2 + 13*b + 9. Let h be n(-6). Suppose -i + 2*i + 5*o + h = 0, -43 = -3*i - 2*o. What are the prime factors of i?
17
Let u(z) = -110*z - 11. Let m(t) = -55*t - 6. Let r(h) = 11*m(h) - 5*u(h). List the prime factors of r(-2).
3, 11
Let x be (-20)/8*(-24)/(-15). Let u = 122 - x. What are the prime factors of u?
2, 3, 7
What are the prime factors of (-8)/(-6)*(-66)/(-88)*3137?
3137
Suppose -5*b + 94 = -4*b. List the prime factors of b.
2, 47
List the prime factors of (-16028)/(-7) + (-4)/(-14).
2, 5, 229
What are the prime factors of (4395 - 169) + 1 + -1?
2, 2113
Let y(n) = n - 67. Let k be y(27). Let s(v) = -8*v**3 + 2*v**2 + 2*v + 3. Let q be s(-2). Let w = k + q. List the prime factors of w.
31
Suppose -13*p - 10*p = -12236. What are the prime factors of p?
2, 7, 19
Let t = 5654 - 2247. List the prime factors of t.
3407
Suppose -5*y + 416 + 124 = 0. Suppose j - 2*j - 36 = -d, -3*d + 2*j = -y. List the prime factors of d.
2, 3
Suppose k + 4*w = -0*w + 6, 0 = 2*k + 4*w - 24. Suppose 14*u - k*u + 392 = 0. What are the prime factors of u?
2, 7
Let b = 10 + -6. Suppose -524 = -2*j + 2*v, 0 = -j + b*j - 2*v - 789. What are the prime factors of (-3)/2 - j/(-10)?
5
Let h(l) = l**2 + 6*l + 13. Let s = -32 + 25. List the prime factors of h(s).
2, 5
Let a = 50 - 39. Let b(q) = q + 27. List the prime factors of b(a).
2, 19
Let d = 32 - 88. Let w be 0 + (0 - -81)/1. Let q = d + w. What are the prime factors of q?
5
Let b = 88 - 89. List the prime factors of (-7)/((2/46)/b).
7, 23
Suppose 8*w - 30773 + 7325 = 0. List the prime factors of w.
3, 977
What are the prime factors of -649*2/(-1 - 1)?
11, 59
Let g(t) be the first derivative of -7*t**2 - 6*t + 3. List the prime factors of g(-5).
2
Let v(b) = b - 4. Let i = -36 + 12. Let z = -18 - i. What are the prime factors of v(z)?
2
Suppose -7 = -2*t - 3. Suppose -d = k - 1, -3*k + 4 = t*d - 1. Suppose 5*n + 16 + 108 = 3*v, k*n - 117 = -4*v. List the prime factors of v.
3, 11
Let m(h) = h**3 - 4*h**2 - 6*h + 1. Suppose -j + 11 - 6 = 0. Let g be m(j). What are the prime factors of g/(-20) + 237/15?
2
Let x(p) = 23*p - 31*p + 6*p - 2. Let r(n) = n**3 + 6*n**2 - 6*n + 4. Let m be r(-7). What are the prime factors of x(m)?
2
Let n = -6 - -9. Suppose 3*x + 3*o + 9 = -n, -3*x = -4*o - 2. What are the prime factors of 17 + (-2)/4*x?
2, 3
Let m = -662 + 382. List the prime factors of 5*-1*m/25.
2, 7
Suppose 3*a - a = 4*s - 16, -4 = -s - a. Let t be 5/20 + 163/s. Let v = -1 + t. What are the prime factors of v?
2, 5
Let f be 0 + (-11)/((-44)/120). Let r = -25 - f. Let x = 92 + r. List the prime factors of x.
37
Let a = 229 - 84. Let o = a - 43. List the prime factors of o.
2, 3, 17
Let x(h) = -h + 11. Let o be x(4). Suppose 249 = o*l - 192. List the prime factors of l.
3, 7
Let u be (-3)/(-4) - (4074/(-8) - -5). Suppose 9*v = 4*v + u. List the prime factors of v.
101
Suppose 5*v - 4*q = q + 495, v + 4*q - 94 = 0. Suppose 4*w - 30 = v. What are the prime factors of w?
2
Let g = -344 + 688. List the prime factors of g.
2, 43
Suppose 3*v = -v + 4*g - 64, -60 = 5*v - g. Let a = v + 15. Suppose m = -a*m + 185. List the prime factors of m.
37
Let u = 334 + -196. Suppose -u = -18*w + 15*w. What are the prime factors of w?
2, 23
Let r(b) = -b**3 - 9*b**2 + 12*b - 14. Let j be r(-11). Let g be j/54 + 4/18. Suppose g*s - 68 = -3*f, 3*f + 7*s = 2*s + 80. List the prime factors of f.
2, 5
Suppose -8*z - 2615 = -9271. What are the prime factors of z?
2, 13
What are the prime factors of (-20)/50*20 + 1361?
3, 11, 41
Let p be 6/(-8) - 1715/28. Let w = 87 + p. What are the prime factors of w?
5
List the prime factors of 2*(12/18)/(12/23553).
2617
Suppose -1338*z + 1339*z - 849 = 0. List the prime factors of z.
3, 283
Suppose 4*h - 4398 = -4*k + 14834, -4*h = 5*k - 24039. List the prime factors of k.
11, 19, 23
Suppose -8*v - 7238 = -30*v. List the prime factors of v.
7, 47
Suppose 0 = -2*s - 9*s + 44. Suppose 3*q = -2*w + 138, 3*q - s*w = -2*q + 230. List the prime factors of q.
2, 23
Let l(f) = -f**3 - 15*f**2 + 15*f - 8. Let h be l(-16). Let m(a) be the second derivative of 7*a**3/6 - 3*a**2/2 + 5*a. List the prime factors of m(h).
53
Let v(k) = 2*k**3 - 4*k**2 - 4*k + 1. Let f = -15 - -14. Let a(p) = -p**3 + p + 1. Let u(w) = f*v(w) - 3*a(w). What are the prime factors of u(-3)?
2
Suppose -3*b - 2*g = g - 6, -4*g = 5*b - 11. Suppose -300 = -8*t + b*t. What are the prime factors of t?
2, 3, 5
Let y(c) = c**2 + 7. Let w be y(0). Let r be 4/w - 30/(-21). Suppose 52 + 60 = r*t. List the prime factors of t.
2, 7
Let t(d) = 26*d**2 + d - 1. Let f be t(1). Suppose -f - 31 = -w. What are the prime factors of w?
3, 19
Let x(m) = 17*m**2 - 17*m + 58. List the prime factors of x(5).
2, 199
Suppose 4*k - 484 = 4*y, 4*y = 2*k - k - 472. Let w = -172 - y. Let r = w - -86. What are the prime factors of r?
31
Suppose 5*i - 7*o - 80 = -2*o, 0 = 5*o - 10. Suppose i*h - 20*h = -116. What are the prime factors of h?
2, 29
Let s(i) = -i**2 + 5*i - 2. Let q be s(4). List the prime factors of q/5 - 340/(-25).
2, 7
Suppose 5*c = -d - 4, 78 = -4*d - d + 4*c. Let w = 22 - d. Suppose 4*x - w = -4*k, -4*k = -2*k + 10. What are the prime factors of x?
2, 7
Let o(h) = 4*h**2 - 5*h + 4. Let i = 48 + -47. List the prime factors of o(i).
3
Let m(c) = 6*c. Let i be -12 - (-4 + -1 + 2). Let k = 0 - i. What are the prime factors of m(k)?
2, 3
Let x = 78 - 76. Suppose -6*r - 161 = -o - 5*r, -x*o + 4*r = -330. List the prime factors of o.
157
Let x = 111 - -406. What are the prime factors of x?
11, 47
Let c(a) = -a + 12. Let g = 78 - 68. List the prime factors of c(g).
2
Let k(b) = -7*b**3 - 13*b**2 - 14*b + 4. What are the prime factors of k(-5)?
2, 3, 13
Suppose 10 + 6 = -2*c. Let q = c - -15. What are the prime factors of q?
7
Let f = 65 + -60. Let d(o) = o**2 + o - 5. What are the prime factors o